-9).
-1
Let x(f) = f - 3. Calculate x(-18).
-21
Let s(v) = 7*v + 6. Determine s(11).
83
Let a(x) = -x**3 + 23*x**2 - 2*x + 45. Calculate a(23).
-1
Let q(n) = 3*n - 16. Give q(7).
5
Let h(o) = -o**3 + 11*o**2 - 13*o + 12. Calculate h(10).
-18
Let o(q) = 8*q**2 + 1. Calculate o(-1).
9
Let o(v) = -v**3 + 15*v**2 - 10*v - 12. Calculate o(14).
44
Let x(o) = 12*o - 4. Give x(5).
56
Let i(r) = 3*r**3 + 174*r**2 + 2*r + 117. Give i(-58).
1
Let m(l) = 49*l**2 - l. Calculate m(1).
48
Let r(n) = 2*n**2 - n + 7. What is r(3)?
22
Let s(n) = n - 31. What is s(20)?
-11
Let v(k) = k**2 + 10*k + 23. Give v(-6).
-1
Let l(c) = c**2 - 24*c - 49. Give l(26).
3
Let j(o) = 7*o**2 - 8*o + 4. What is j(3)?
43
Let k(h) = 2*h**2 + 42*h + 135. Calculate k(-17).
-1
Let i(s) = s**3 - 8*s**2 + 10*s + 7. Calculate i(6).
-5
Let r(z) = z**2 - 3*z. What is r(8)?
40
Let a(p) = -p**2 + 16*p - 60. Calculate a(5).
-5
Let i(v) = -v - 30. Calculate i(8).
-38
Let x(w) = -w**3 - 10*w**2 - w - 13. What is x(-6)?
-151
Let r(p) = -p**3 + p**2 + 3*p - 3. Calculate r(3).
-12
Let z(g) = -10*g - 86. Calculate z(-10).
14
Let k(z) = 4*z + 24. Calculate k(-5).
4
Let v(m) = -10*m**2 - 7*m + 2. Calculate v(-2).
-24
Let a(n) = -n**2 + 10*n + 11. Give a(11).
0
Let w(y) = -2*y**3 - 5*y**2 + 35*y + 103. Calculate w(-3).
7
Let k(l) = l**3 + 5*l**2 + l + 16. What is k(-5)?
11
Let p(x) = -x**3 - 21*x**2 + 22*x - 27. Determine p(-22).
-27
Let n(k) = -2*k - 22. Give n(-12).
2
Let u(m) = m**2 - 23*m - 32. Calculate u(23).
-32
Let b(l) = -l**3 - 6*l**2 - 4*l + 4. Determine b(-6).
28
Let k(f) = f**2 - 3*f + 8. Give k(0).
8
Let x(q) = q + 6. Calculate x(-10).
-4
Let g(n) = -n**2 - 4*n + 6. Give g(-10).
-54
Let o(w) = -2*w**3 + 11*w**2 + 3*w + 1. Determine o(6).
-17
Let n(f) = -f**3 + 3*f**2 + 3*f + 7. What is n(4)?
3
Let a(v) = -v**2 + 2*v - 36. Give a(0).
-36
Let t(k) = k**2 + 15*k + 12. Give t(-10).
-38
Let a(q) = 2*q**3 + 3*q**2 - 4*q - 3. What is a(-3)?
-18
Let c(j) = 2*j**2 - 5*j + 3. Determine c(1).
0
Let m(b) = -6*b. Determine m(1).
-6
Let v(h) = -h**3 + h**2 - h + 2. What is v(3)?
-19
Let v(u) = -u**2 + 14*u + 23. Give v(15).
8
Let v(u) = u**3 - u**2 - 7. Give v(0).
-7
Let j(d) = d**2 - d - 9. Calculate j(0).
-9
Let y(d) = -d**2 - 12*d - 34. Give y(-9).
-7
Let l(a) = 9*a. Calculate l(-1).
-9
Let h(l) = l**3 - 2*l**2 - 20. Determine h(4).
12
Let t(q) = 3*q - 28. Give t(11).
5
Let c(u) = -u - 3. Calculate c(5).
-8
Let a(n) = n - 10. Give a(-12).
-22
Let n(w) = -2*w**2 + 14*w - 5. Calculate n(7).
-5
Let q(t) = 13*t - 69. Give q(6).
9
Let u(x) = -x**2 + 4*x + 7. Determine u(6).
-5
Let c(k) = 3*k - 3. Give c(8).
21
Let t(z) = -2*z**3 - 23*z**2 - 10*z + 3. What is t(-11)?
-8
Let k(p) = p**3 - 40*p**2 + 2*p - 72. Give k(40).
8
Let c(f) = f - 22. Determine c(16).
-6
Let b(w) = w**3 - 10*w**2 - 13*w + 16. Give b(11).
-6
Let s(v) = -4*v + 1. Determine s(4).
-15
Let o(r) = -r**2 + 13*r - 34. What is o(10)?
-4
Let c(d) = -60*d - 483. Calculate c(-8).
-3
Let h(g) = 2*g + 26. What is h(-10)?
6
Let t(g) = g**2 - 2*g - 6. Give t(6).
18
Let i(x) = 14*x + 7. Give i(4).
63
Let h(m) = m**3 - m**2 + 7*m - 6. Give h(1).
1
Let b(u) = -2*u + 5. Determine b(16).
-27
Let i(q) = q**3 + 5*q**2 + 4*q + 9. Determine i(-6).
-51
Let l(h) = -5*h - 6. Calculate l(6).
-36
Let z(g) = 6*g**2 - 3*g + 2. Give z(-1).
11
Let i(u) = u**3 - 3*u**2 - 8*u - 1. Calculate i(5).
9
Let t(f) = -f + 7. Calculate t(18).
-11
Let y(v) = -2*v**2 + 5*v + 159. Give y(10).
9
Let o(f) = 2*f**3 - 3*f**2 - 2*f + 2. Determine o(3).
23
Let d(i) = 29*i**3. Give d(1).
29
Let q(w) = -2*w - 9. Determine q(-4).
-1
Let d(m) = -m**3 + 5*m**2 - 3*m + 4. Determine d(6).
-50
Let j(g) = -g**3 + 12*g**2 + 7. Calculate j(12).
7
Let p(b) = 36*b**3 + b - 1. Give p(1).
36
Let p(w) = -w + 25. Calculate p(11).
14
Let t(z) = -14*z**3 - 2*z**2 + 2*z - 1. What is t(1)?
-15
Let q(a) = a**3 + 8*a**2 + a - 7. Give q(-7).
35
Let z(j) = -j**2 - 18*j + 27. Give z(-18).
27
Let l(s) = s + 19. What is l(-6)?
13
Let b(p) = -p**3 - 16*p**2 - 2. Give b(-16).
-2
Let a(n) = -n**2 - n + 23. Give a(8).
-49
Let j(p) = -18*p - 126. What is j(-9)?
36
Let o(c) = -c**3 + 3*c**2 + 4*c - 5. Calculate o(1).
1
Let x(c) = 57*c - 1. What is x(1)?
56
Let r(z) = -z**3 - z**2 + z + 12. Give r(0).
12
Let j(b) = -b**3 + 6*b**2 - 2*b + 9. Calculate j(5).
24
Let r(l) = l**3 + 5*l**2 - 12*l - 63. Calculate r(-5).
-3
Let p(i) = 44*i + 155. Give p(-4).
-21
Let r(n) = n**3 + 4*n**2 - 4*n + 5. Calculate r(-5).
0
Let d(j) = -j**3 + 26*j**2 - 24*j - 30. Calculate d(25).
-5
Let s(a) = 3*a**3 - 78*a**2 - 79*a - 60. Give s(27).
-6
Let c(i) = i**3 - 9*i**2 + i - 10. What is c(9)?
-1
Let b(g) = -g**2 - 18*g - 14. Calculate b(-18).
-14
Let h(a) = -2*a - 7. What is h(-8)?
9
Let q(m) = 2*m + 3. Determine q(-5).
-7
Let a(t) = -t - 20. Determine a(0).
-20
Let z(a) = a**3 - 9*a**2 + 20*a - 11. Determine z(5).
-11
Let h(x) = 3*x**3 + x**2 + 2*x + 1. Calculate h(-2).
-23
Let a(w) = w - 19. Determine a(6).
-13
Let x(h) = -7*h**3 + 4*h**2 - 5*h. Give x(2).
-50
Let n(z) = -z**2 - 13*z - 21. What is n(-7)?
21
Let u(g) = -2*g**3 + 6*g**2 - 4*g + 3. Calculate u(2).
3
Let z(l) = l**3 - 7*l**2 - 3*l - 7. Determine z(7).
-28
Let z(p) = p**3 + 13*p**2 + 12*p - 6. Give z(-12).
-6
Let d(r) = -r**3 + 29*r**2 - 100*r + 29. What is d(25)?
29
Let h(u) = -u**3 + 10*u**2 + u - 6. Determine h(10).
4
Let w(l) = -22*l - 45. Give w(-2).
-1
Let n(b) = 6*b + 16. What is n(-21)?
-110
Let j(z) = -3*z**3 - 2*z**2 + z + 4. Give j(2).
-26
Let l(b) = b**2 - 3*b - 5. Determine l(-2).
5
Let w(k) = -14*k**2 + 2. Calculate w(-2).
-54
Let f(v) = 2*v**2 - 3*v + 6. Give f(-6).
96
Let l(w) = w**2 - 14*w - 10. Determine l(14).
-10
Let b(a) = -a**2 + 3*a + 42. Calculate b(8).
2
Let x(l) = -3*l + 15. Give x(16).
-33
Let t(p) = -2*p**3 - 6*p + 9. Give t(2).
-19
Let u(p) = p + 19. Give u(-13).
6
Let d(y) = -2*y + 30. Determine d(6).
18
Let a(z) = 2*z**2 - 3. Determine a(2).
5
Let z(r) = r**2 + 7*r - 33. Calculate z(-10).
-3
Let w(q) = -2*q + 5. Give w(7).
-9
Let g(t) = -t**3 + 10*t**2 - 13*t + 1. Give g(9).
-35
Let a(o) = -15*o**2 - 3*o - 3. What is a(-2)?
-57
Let z(f) = f**3 + 2*f**2 - 2*f - 4. Determine z(-4).
-28
Let x(n) = -n**2 - 33*n - 8. Give x(-32).
24
Let x(c) = c**2 - 15*c - 17. Give x(18).
37
Let c(l) = l**3 - 29*l**2 - 32*l + 36. Give c(30).
-24
Let g(q) = 2*q**2 + 1. Determine g(-2).
9
Let h(c) = -2*c**3 - 64*c**2 - c - 24. Determine h(-32).
8
Let z(d) = -9*d + 29. Give z(4).
-7
Let r(t) = 3*t**3 - 4*t**2 + 4*t. Calculate r(1).
3
Let h(y) = -3*y - 19. Calculate h(-8).
5
Let m(d) = -11*d - 139. What is m(-12)?
-7
Let i(q) = -q**3 - 6*q**2 - 2*q - 4. Give i(-5).
-19
Let a(q) = -2*q**2 - 42*q - 25. What is a(-21)?
-25
Let t(q) = -q**3 + 15*q**2 - 6. Calculate t(15).
-6
Let p(t) = -7*t**2. Determine p(1).
-7
Let w(u) = -u**3 - 3*u**2 + 4*u + 10. What is w(-4)?
10
Let l(t) = -t**2 + 15*t - 32. Calculate l(13).
-6
Let j(g) = 16*g - 14. What is j(-9)?
-158
Let o(d) = -13*d - 3. Give o(-1).
10
Let h(a) = 18*a + 6. Give h(-2).
-30
Let s(t) = t**2 + 33*t - 139. What is s(4)?
9
Let x(b) = -b**2 - 6*b + 7. Give x(5).
-48
Let t(b) = -b**2 - 10*b - 4. Determine t(-4).
20
Let t(u) = -u**2 - 10*u + 19. Give t(-10).
19
Let g(k) = -40*k + 809. Calculate g(20).
9
Let b(w) = w**2 - 5*w + 12. Calculate b(4).
8
Let d(q) = -2*q - 4. Calculate d(-2).
0
Let c(q) = -11*q - 2. What is c(3)?
-35
Let u(j) = j + 2. Give u(-4).
-2
Let f(s) = -23*s + 15. What is f(3)?
-54
Let q(v) = -3*v**2 - v - 1. Give q(-2).
-11
Let w(u) = 7*u - 24. Calculate w(14).
74
Let l(n) = n - 6. Calculate l(9).
3
Let i(s) = -s**3 + 11*s**2 - 2*s + 21. What is i(11)?
-1
Let o(k) = -2*k**2 - 20*k - 13. Give o(-9).
5
Let r(s) = s**3 + 3*s**2 - 3*s + 8. Determine r(-4).
4
Let t(j) = j**3 - 15*j**2 - 40*j - 6. Calculate t(-2).
6
Let r(l) = -2*l + 6. What is r(6)?
-6
Let z(o) = -17*o - 17. Give z(-1).
0
Let f(h) = 9*h + 204. Calculate f(-23).
-3
Let c(k) = -14*k - 157. Determine c(-11).
-3
Let a(t) = 10*t - 275. Give a(27).
-5
Let u(i) = 16*i - 101. Calculate u(6).
-5
Let o(c) = -c**3 - 6*c**2 - 3*c + 8. Determine o(-4).
-12
Let r(z) = z**3 + 17*z**2 + 13*z - 20. Determine r(-16).
28
Let x(c) = 9*c + 58. Calculate x(-13).
-59
Let r(k) = 9*k + 6. Determine r(-2).
-12
Let h(d) = 5*d**2 + 10*d + 11. Give h(-2).
11
Let z(b) =